05 = 0. Suppose -4 = -j + 27. Let s = j + h. What is the remainder when s is divided by 1?
0
Let u(l) = l**3 + 4*l**2 + l + 5. Let m be u(-4). Suppose -m = -n - 0. Calculate the remainder when 94 is divided by (4*(n + 2))/((-30)/(-40)).
14
Suppose -165*g + 136975 + 30995 = 0. What is the remainder when g is divided by 18?
10
Let i be -1 + -3 - 5/(10/4). Calculate the remainder when 29 is divided by 19 - 2 - (-9)/54*i.
13
Suppose 48 = -y + 4*y. Let i be 3*-1 + 1/(2/6). Suppose i = 5*p - 2*p + 5*c - 254, -p + c = -74. What is the remainder when p is divided by y?
14
Let c = -17542 - -18764. Calculate the remainder when c is divided by 59.
42
What is the remainder when 2/(-5) + ((-13168652)/(-140))/7 is divided by 48?
45
Let y = 8191 - 8171. What is the remainder when 523 is divided by y?
3
Let d = 92 + -61. Suppose 0 = 3*c - 2 - 4. Suppose -745 = -c*z - 3*z + 3*a, 0 = 3*a - 15. What is the remainder when z is divided by d?
28
Let w be 2/11 - 500/(-275). Suppose w*m - 28 = 2*s + 476, 0 = -m + 5*s + 252. Calculate the remainder when m is divided by 16.
12
Let r(o) = 10*o**2 + o - 6. Let g(l) = -l**2 + l. Let q be g(-1). Let h be (-2)/2*q/3*3. What is the remainder when r(h) is divided by 10?
6
Suppose 40 - 1 = 13*h. Suppose h*z = 2*z - 5. Calculate the remainder when 25 is divided by 0 + -3 - (-12 + z).
11
Let j = -12 + 51. What is the remainder when 32 is divided by (11/((-572)/j))/(3/(-92))?
9
Let d(i) be the second derivative of 7*i**5/10 - i**4/6 + i**3/6 + i. Let q be (-5 - -4)/1*(-11 - -10). Calculate the remainder when 37 is divided by d(q).
11
What is the remainder when (4 - 3)*553 + -10 + 13 is divided by 18?
16
Let z = -12691 - -12740. What is the remainder when 3327 is divided by z?
44
Suppose 3*a + 4*b - 17 = -b, 0 = -4*a - b. Suppose -9348*p + 39635 = -8341*p + 2376. What is the remainder when p is divided by (2/(-3))/(a/12)?
5
Suppose -2*b = -5*s - 78, 0 = b - 40*s + 35*s - 24. What is the remainder when 1011 is divided by b?
39
Suppose -2*k - 149760 = -43*k - 24*k. Calculate the remainder when k is divided by 110.
104
Suppose 2*k - 946956 = -55*k - 12*k. What is the remainder when k is divided by 312?
308
Suppose -3*n + 470 = 4*s, 2*n = -0*s + s + 328. Let v(m) = -10*m**3 - 1517*m**2 + 458*m + 325. Calculate the remainder when n is divided by v(-152).
15
Let i = 71 - 19. Let z(q) = q**3 + 181*q**2 - 5387*q - 832. Calculate the remainder when z(-207) is divided by i.
47
Suppose -314 = 4*z - 110. Let q = z - -74. Let x(t) = -2*t + 1. Calculate the remainder when q is divided by x(-3).
2
Suppose -20*b + 18*b = -6. Calculate the remainder when 37 is divided by -16 + 12 + b + 0 + 21.
17
Let z(l) = 2*l - 2. Let c be z(6). Suppose x - c = 13. Let u(h) = 222*h + 900. Calculate the remainder when x is divided by u(-4).
11
Let u = 10133 - 4611. Calculate the remainder when u is divided by 25.
22
Let w be 391/102 - 1/(-6). Suppose -5*g - 25 = 0, w*y + 3*g - 61 = 2*y. Suppose -30 = -4*q + y. Calculate the remainder when 43 is divided by q.
9
Suppose 4*s = 2*t + 7 + 1, 4*s = -5*t + 8. What is the remainder when 82 is divided by (42 + t)/(-14 - -15)?
40
Let l(q) = -16*q**2 + 5*q - 8 - 3*q**3 - 2 - 3*q + q**3. Calculate the remainder when l(-9) is divided by 15.
14
Let a = 627 - 481. Suppose 0 = -2*m + 9 + 89. What is the remainder when a is divided by m?
48
Let o(p) = 12*p - 12 + 14*p**2 + 10*p + 17*p - 31*p + p**3. Let w(k) = -k**2 - 9*k + 3. What is the remainder when o(-13) is divided by w(-8)?
9
Suppose 88 = 183*p - 181*p. Let m(q) = 9*q - 385. Calculate the remainder when 93 is divided by m(p).
5
Let c = -59 - -70. Let i = c - 4. Let m = i - 0. Calculate the remainder when 47 is divided by m.
5
Suppose 2*v = -4*z + 48, -4*v = -z + 65 - 89. What is the remainder when 446 is divided by z?
6
Suppose 41*b - 27997 = -1862 + 9945. Calculate the remainder when b is divided by 127.
118
Let c = 3654 - 3630. Calculate the remainder when 73 is divided by c.
1
Let l = -11480 + 12694. What is the remainder when l is divided by 6?
2
Let y(u) = 3*u**2 + 2*u + 1340. Calculate the remainder when y(0) is divided by 227.
205
What is the remainder when 168 is divided by (980/(-16) + 2)/(81/(-108))?
10
Suppose 0 = 3*u + 4*q - 17, 5*q = 5*u + 9*q - 39. Let i(b) = 24*b**2 - 3. Let z be i(2). Let d = -30 + z. What is the remainder when d is divided by u?
8
Suppose -3*b - 498 = -5*n, 0*b - 3*b - 4*n - 498 = 0. Let h = -122 - b. What is the remainder when 129 is divided by h?
41
What is the remainder when 3298 is divided by ((-6943)/(-786) - 2/4*1)*12?
98
Suppose 111*l = -81*l + 2688. Let r = -41 + 80. What is the remainder when r is divided by l?
11
Suppose -123 = -h + 9. Suppose 59*r = 55*r + h. Let b(p) = -p**3 + 6*p**2 + 8*p + 2. Calculate the remainder when r is divided by b(7).
6
Let x(d) = 23*d + 331. Calculate the remainder when 169 is divided by x(-13).
9
Let j(z) = -z**3 - 71*z**2 - 67*z + 267. Calculate the remainder when 195 is divided by j(-70).
24
Let l(v) = v + 2. Let w(k) = -3*k + 20. Let c(a) = 2*l(a) - w(a). Let g be c(-21). Let o = g - -125. What is the remainder when 35 is divided by o?
3
Let w(y) = -32*y + 11. Let u(n) = 62*n - 22. Let x(p) = -2*u(p) - 5*w(p). What is the remainder when 88 is divided by x(1)?
13
Let v = 1202 + -1186. Let b = 51 + -20. Calculate the remainder when b is divided by v.
15
Let z(v) = 4060*v - 634. Calculate the remainder when z(2) is divided by 3740.
6
Suppose 4*l - 2963 = -b, 0 = -3*b - l + 7253 + 1581. What is the remainder when b is divided by 64?
63
Suppose -5*p + 5*n + 290 = 0, 4*p = -2*n + 223 + 33. Calculate the remainder when 428 is divided by p.
56
Suppose 2432 = -3*q - 7*q + 55222. What is the remainder when q is divided by 4?
3
Let p = -6413 + 6444. What is the remainder when 273 is divided by p?
25
Suppose -195*o + 735777 = 157992. Calculate the remainder when o is divided by 28.
23
Let u(p) = p**2 + 111*p + 711. Let h = 226 - 151. Let i = h + -54. Calculate the remainder when u(-6) is divided by i.
18
Suppose 0 = -2*y + 3*y - 2. Let o(q) = 4*q + 2. Let p = -82 + 82. What is the remainder when o(p) is divided by y?
0
Let a = -3281 + 3555. Calculate the remainder when 841 is divided by a.
19
Let p = -416 - -637. What is the remainder when p is divided by 10?
1
Suppose -3*z - 23 = -26. Let p be 4/(z*(-10)/(-685)). Suppose p = 5*n - 211. Calculate the remainder when n is divided by 50.
47
Calculate the remainder when 299 is divided by (115/(-15) - 4)*((1 - 3) + -1).
19
Let s = 567 + -379. What is the remainder when (5 + s/(-28))/(2/(-84)) is divided by 29?
14
Let s = -9726 + 11583. Calculate the remainder when s is divided by 110.
97
Suppose -5*t + 1821 = -2*w - 624, 0 = t + 4*w - 467. Calculate the remainder when t is divided by 24.
7
Let b = 43890 + -43007. Calculate the remainder when 2671 is divided by b.
22
Let a = 60 + -64. Let v be (a*4/(-24))/(2/141). Calculate the remainder when 149 is divided by (v - -2) + 2 + (-1 - -1).
47
Suppose 71*b - 19*b - 638 = 142. What is the remainder when 127 is divided by b?
7
Suppose -22575*a - 56 = -22579*a. What is the remainder when 1474 is divided by a?
4
Let t(m) = -4*m**3 - 5*m**2 - 7*m - 5. Let v = 120 + -122. Calculate the remainder when t(v) is divided by 10.
1
Suppose -3*q = -3*c - 1005, 14*q + 11*c - 15*c = 4720. Calculate the remainder when q is divided by 208.
130
Suppose 1670*n - 144 = 1664*n. What is the remainder when 115 is divided by n?
19
Suppose 2*x = -5*o - 21314, 3*x = -2*o + 2*x - 8526. What is the remainder when (-355)/50 + 7 - o/20 is divided by 24?
21
Let x(t) = 2*t**3 + 2*t**2 + t - 1. Let k(b) = 14*b**3 + 11*b**2 + 12*b - 169. Let i(h) = -k(h) + 6*x(h). What is the remainder when i(0) is divided by 5?
3
Suppose -32*w + 17616 = 16*w. Calculate the remainder when w is divided by 132.
103
Let u(g) = 625*g - 1598. Calculate the remainder when u(11) is divided by 85.
7
Suppose 0 = -3*z + 3*h + 600, 4*z = -4*h + 278 + 466. Calculate the remainder when 2097 is divided by z.
167
Suppose 10*r - 7*r + v - 410 = 0, -5*v + 295 = 2*r. Calculate the remainder when 1065 is divided by r.
120
Suppose 0 = -5*m + 21 + 4. Suppose -2*y + 124 = 5*f, 0 = -f + y + 17 + m. Suppose -116 - f = -5*z. Calculate the remainder when 110 is divided by z.
26
Suppose -3*p